7
Let l(h) = 68*h. Let v(w) = 4*w. Let c(q) = -6*l(q) + 104*v(q). Let k be -2 + 0 + (4 - -4). Let d be c(k). Calculate the highest common factor of 6 and d.
6
Suppose 0*x = -x. Suppose -2 = f - x. Let z = f + 4. What is the greatest common factor of 3 and z?
1
Let t(u) = -10*u + 1. Let x be t(-3). Suppose 2*i - 6 = 0, -2*v - 3*v + x = -3*i. Suppose 4*s - 1 - 3 = 0. What is the greatest common factor of s and v?
1
Suppose -5*p + b + 10 + 5 = 0, -2*p = 4*b + 16. Calculate the greatest common factor of 16 and p.
2
Let l be (0 + -2)/((-1)/22). Suppose -x + 4*x - 2*c = 202, c = -4*x + 262. What is the highest common divisor of x and l?
22
Let d = 81 + -16. What is the greatest common factor of d and 13?
13
Let d(o) = o**2 + 7*o - 7. Suppose -5*f - 32 = -9*f. Let q be 3/(f/(-6) - -1). Let b be d(q). Calculate the highest common divisor of 121 and b.
11
Suppose -5*f + 8*f - 9 = 0. What is the highest common factor of f and 27?
3
Let x = -9 - -22. Let u(a) = 22*a - 6. Let j be u(5). Calculate the greatest common factor of x and j.
13
Let n(q) = -q - 9. Let b be n(-4). Let o = 4 + b. Let u be (0 + 3)/(o - -2). Calculate the greatest common factor of u and 2.
1
Let n be 8/(-6)*87/(-2). Suppose 5*i - n - 7 = 0. Calculate the highest common divisor of 52 and i.
13
Let s(c) = 10*c**2 + 4*c + 5. Let q be s(-1). Suppose -33 = -g - 0*g. What is the highest common divisor of g and q?
11
Let w be -6 + 8/4 - 124. Let c = w - -216. Calculate the greatest common divisor of c and 22.
22
Let a = 47 - 26. What is the greatest common factor of 28 and a?
7
Suppose -4*o + 3*g - 4 = 1, -4*o + 2*g = 2. Suppose 3*r - 2*u + 5 = 3*u, r + 5*u = 25. Calculate the greatest common divisor of r and o.
1
Let f = -4 + 4. Suppose -3*y + g + 39 = 0, f = -5*y - 2*g + g + 57. Suppose 419 = 3*z + 95. Calculate the highest common divisor of y and z.
12
Let w = 1 + -1. Suppose w*v = v - 4. Suppose -344 = -v*n - 92. What is the highest common factor of 9 and n?
9
Let i(w) = -w**3 - 2*w**2 - 11*w + 2. Let m be i(-5). Suppose -2*q + m = -44. Calculate the highest common factor of 22 and q.
22
Suppose -2*s - 3*y + 4*y = 5, -2*s = 3*y + 9. Let g = 8 + s. What is the greatest common divisor of 55 and g?
5
Suppose 4 + 8 = -3*r. Let f be 1/r - 1/(-4). Suppose 21 = 4*l - 5*g, -15 = -f*l - 5*l - 5*g. Calculate the greatest common divisor of 16 and l.
4
Let c be 0 + (-4)/6 - 70/(-6). Let x = 2 + -1. What is the greatest common factor of c and x?
1
Let g be 2/(-12)*-3*(7 + 5). Calculate the highest common divisor of g and 12.
6
Let p(k) = k + 4. Let l be p(-7). Let m = l - -6. Suppose 2*i + m*o = 6*o + 22, 2 = i + 3*o. Calculate the highest common factor of 32 and i.
8
Let j = -20 + 37. What is the greatest common divisor of j and 34?
17
Suppose 5*d - 3*f = -f + 146, -4*d + f + 118 = 0. What is the greatest common divisor of d and 15?
15
Let c(p) = p**3 + 10*p**2 + p + 12. Let u be c(-10). Suppose k - 27 = -u*g, 34 = k - 4*g - g. What is the highest common divisor of 58 and k?
29
Suppose h + 4*n = -0*h - 13, -5*n - 15 = 0. Let p be 1*(h + 4)*5. Suppose -3*f = 2*f - p. What is the highest common factor of f and 15?
3
Suppose -3*g = -j - 1024, -2*g - 2*j + 339 = -g. Calculate the highest common divisor of 11 and g.
11
Let g be 5/((-10)/3)*-28. What is the greatest common factor of 462 and g?
42
Suppose 10 - 25 = -5*b. Let g = 4 - 4. Let u be (3 - g)*(0 + b). What is the greatest common divisor of u and 45?
9
Let r be 2 - ((-6)/2 - 0). Suppose -3*b = -r*b - 6. Let y be -2*(b + (-2)/(-4)). What is the greatest common divisor of y and 20?
5
Let p(g) = 23*g**3 + 2*g - 3. Let n be p(1). What is the greatest common factor of 22 and n?
22
Let h = -75 + 117. Let a(d) = 2*d + 6. Let z be a(-5). Let g(k) = -6*k + 4. Let o be g(z). What is the greatest common divisor of h and o?
14
Suppose w = 6*w - 25. Suppose 0 = -5*s - 2*x + 120, -s + w*x - 5 + 29 = 0. Calculate the greatest common divisor of 3 and s.
3
Suppose 3*x + 3*n = 1200, 3*x = 8*x - 5*n - 2030. Calculate the greatest common factor of x and 31.
31
Suppose 40 = 18*c - 8*c. Calculate the highest common factor of c and 28.
4
Suppose -3*w - 13 = -5*c, 5*c - 2*w = -w + 21. What is the greatest common divisor of c and 35?
5
Suppose -11 - 11 = -2*i. Let t(h) = -16*h - 3. Let c be t(-5). What is the greatest common factor of c and i?
11
Suppose k = -0 - 38. Let p = 18 + k. Let q be (-1925)/p + 1/(-4). What is the highest common divisor of q and 12?
12
Let b(s) = s**3 + 8*s**2 - 4*s + 3. Let q be b(-6). Calculate the highest common factor of 9 and q.
9
Suppose 5*v = 3*v. Let r be (-1)/2*(v + 0). Let t be -1 - 1 - (-4 + r). What is the highest common divisor of 2 and t?
2
Suppose 7*i - 26*i + 380 = 0. What is the greatest common factor of 15 and i?
5
Suppose g = -2*t + 30, -3*g - 2*t + 95 = 3*t. Suppose -3*o + 32 = -g. What is the highest common factor of 216 and o?
24
Let a(b) = -3*b - 2. Let i be a(5). Let u = i - -71. What is the highest common factor of 9 and u?
9
Let y be 18/(-10)*(-17 - -7). What is the greatest common factor of 72 and y?
18
Let m be 22/1*(-9)/(-18). What is the highest common divisor of m and 44?
11
Let y(d) = -d**2 + 7*d + 6. Let o be y(7). Let s be (-18)/8*4/1. Let w be ((-4)/(-6))/((-2)/s). Calculate the greatest common factor of o and w.
3
Let b(u) = 6*u**2 + u - 9. Let j be b(4). Calculate the greatest common divisor of 13 and j.
13
Let w be 2*(-7)/42 + (-21)/(-9). Let i be (3 + 1)*22/4. Calculate the greatest common factor of w and i.
2
Let w(n) = 6*n**3 - 2*n**2 - 3*n + 2. Let m be w(2). Let i be 1/(-1) + 12 + -2. Calculate the highest common divisor of m and i.
9
Let w(h) = 21*h + 5. Let q be w(3). Suppose 59 = 5*k - 26. Calculate the highest common factor of q and k.
17
Let t(n) = 4*n - 9. Suppose 5*c + 4 = 34. Let g be t(c). Calculate the highest common divisor of g and 10.
5
Let v(f) = -5*f - 17. Let a be v(-5). What is the highest common divisor of 2 and a?
2
Suppose 286 = 5*m + 2*x - 97, m + 2*x = 75. Calculate the highest common factor of 7 and m.
7
Suppose 2*n - 2*d - 38 = 0, d = -7 + 2. Calculate the highest common factor of n and 7.
7
Let v be (19/4)/(5/60). Suppose 5*k - 4*k = 2*c + 17, -3*c = -k + 16. What is the greatest common factor of k and v?
19
Suppose -270 = -3*p - 12*p. What is the highest common factor of p and 90?
18
Suppose 0 = -0*q - q + 7. Suppose 0 = 4*k - q*k + 33. Let u(n) = 21*n - 6. Let b be u(5). What is the highest common divisor of k and b?
11
Let w = 14 - 6. Suppose -3 = n - l - 14, 0 = 2*l + 8. Suppose n = 3*t - 5. Calculate the greatest common factor of t and w.
4
Suppose 42 = -5*m + 8*m. Suppose 4*t - 4 = -0*c - 2*c, -3*c - 10 = -2*t. Let x be (2 + 0)/(t/112). What is the highest common divisor of x and m?
14
Let r = -24 + 44. Calculate the highest common divisor of 50 and r.
10
Let c = 42 - 31. What is the greatest common factor of c and 121?
11
Let a be 5/(15/(-252)) + 3. Let o = 129 + a. Calculate the greatest common divisor of o and 16.
16
Let l(m) = -m**2 + 5*m + 7. Let o be l(6). Let n(g) = 2*g + 1. Let x be n(o). What is the greatest common factor of x and 3?
3
Suppose -3*a + 9 = -18. Let w(u) = -u**3 + 9*u**2 + 10. Let p be w(a). Calculate the greatest common factor of p and 4.
2
Let x(b) = b - 5. Let q be x(9). Suppose -4*w - 20 = 0, -2*w + 20 = q*p - 66. Calculate the greatest common factor of 8 and p.
8
Let q = -9 + 12. Let y be (-1 - q/(-6))*-12. Calculate the greatest common factor of 30 and y.
6
Let d = -20 + 40. What is the highest common factor of 4 and d?
4
Suppose 2*v - 5*a = 141 - 6, -2*v + 100 = 2*a. Suppose -2*h + 3*z + 22 = 0, 5*h - 2*h = 2*z + 23. What is the greatest common divisor of h and v?
5
Suppose -4*i + 3*c = -474, -2*i - c + 246 = 2*c. Let g(a) = a**3 - 7*a**2 + 4*a - 13. Let r be g(7). What is the greatest common divisor of i and r?
15
Let m(w) = -w**2 - 5*w + 3. Let r be m(-4). Let u(k) = -60*k. Let x be u(-3). Let o = x + -124. Calculate the highest common factor of o and r.
7
Suppose -2*f - 394 = -4*d, 2*d = 7*d - 3*f - 495. Let v be (-94)/(-8) + (-2)/(-8). Calculate the greatest common factor of v and d.
12
Suppose a + c - 58 - 49 = 0, 104 = a + 2*c. Suppose -5*x + 50 = 4*p, 0 = 3*x + p - 6*p - 30. Calculate the greatest common divisor of a and x.
10
Supp